{"id":22,"date":"2015-11-26T07:16:45","date_gmt":"2015-11-26T07:16:45","guid":{"rendered":"http:\/\/sopronigyujtemenyek.lutheran.hu\/?page_id=22"},"modified":"2018-02-19T17:09:31","modified_gmt":"2018-02-19T16:09:31","slug":"muzeumpedagogia","status":"publish","type":"page","link":"https:\/\/sopronigyujtemenyek.lutheran.hu\/?page_id=22","title":{"rendered":"M\u00fazeumpedag\u00f3gia"},"content":{"rendered":"<ol>\n<li>T\u00e1rlatvezet\u00e9s, ak\u00e1r adott tan\u00f3r\u00e1hoz kapcsol\u00f3dva is (t\u00f6rt\u00e9nelem, hittan). A t\u00e1rlatvezet\u00e9s v\u00e9g\u00e9n r\u00f6vid tesztlap kit\u00f6lt\u00e9s\u00e9re is van lehet\u0151s\u00e9g. Minden koroszt\u00e1ly sz\u00e1m\u00e1ra aj\u00e1nlott. Id\u0151tartam: 45 perc.<\/li>\n<li>S\u00e9t\u00e1l\u00f3lap: a m\u00fazeumban l\u00e1tottak egy\u00e9ni feldolgoz\u00e1s\u00e1hoz. Fejleszti az \u00f6n\u00e1ll\u00f3 ismeretszerz\u00e9s\u2013 \u00e9s feldolgoz\u00e1s, valamint a sz\u00f6veg\u00e9rtelmez\u00e9si kompetenci\u00e1kat. Aj\u00e1nlott koroszt\u00e1ly: \u00e1ltal\u00e1nos iskola fels\u0151 tagozata \u00e9s k\u00f6z\u00e9piskola. Id\u0151tartam: 30 perc.<\/li>\n<li>Csal\u00e1dfak\u00e9sz\u00edt\u00e9s. Ismerked\u00e9s a csal\u00e1dfa \u00f6ssze\u00e1ll\u00edt\u00e1s\u00e1hoz sz\u00fcks\u00e9ges lev\u00e9lt\u00e1ri forr\u00e1sokkal, majd a gyerekek maguk is elkezdhetik megrajzolni csal\u00e1df\u00e1jukat. Aj\u00e1nlott koroszt\u00e1ly: \u00e1ltal\u00e1nos iskola 1-8. oszt\u00e1ly. Id\u0151tartam: 45 perc<\/li>\n<li>Tematikus s\u00e9ta Sopron belv\u00e1ros\u00e1ban. Az evang\u00e9likus vonatkoz\u00e1s\u00fa helysz\u00ednek megtekint\u00e9se s\u00e9t\u00e1l\u00f3lappal, szakvezet\u00e9ssel. Aj\u00e1nlott koroszt\u00e1ly: \u00e1ltal\u00e1nos iskola fels\u0151 tagozata \u00e9s k\u00f6z\u00e9piskola. Id\u0151tartam: 60 perc<\/li>\n<\/ol>\n<p>A m\u00fazeumpedag\u00f3giai foglalkoz\u00e1sokon a r\u00e9szv\u00e9tel 400 Ft\/f\u0151. A k\u00eds\u00e9r\u0151 tan\u00e1rok ingyenesek.<\/p>\n<p>&nbsp;<\/p>\n<p>&nbsp;<\/p>\n","protected":false},"excerpt":{"rendered":"<p>T\u00e1rlatvezet\u00e9s, ak\u00e1r adott tan\u00f3r\u00e1hoz kapcsol\u00f3dva is (t\u00f6rt\u00e9nelem, hittan). A t\u00e1rlatvezet\u00e9s v\u00e9g\u00e9n r\u00f6vid tesztlap kit\u00f6lt\u00e9s\u00e9re is van lehet\u0151s\u00e9g. Minden koroszt\u00e1ly sz\u00e1m\u00e1ra aj\u00e1nlott. Id\u0151tartam: 45 perc. S\u00e9t\u00e1l\u00f3lap: a m\u00fazeumban l\u00e1tottak egy\u00e9ni feldolgoz\u00e1s\u00e1hoz. Fejleszti az \u00f6n\u00e1ll\u00f3 ismeretszerz\u00e9s\u2013 \u00e9s feldolgoz\u00e1s, valamint a sz\u00f6veg\u00e9rtelmez\u00e9si kompetenci\u00e1kat. Aj\u00e1nlott koroszt\u00e1ly: \u00e1ltal\u00e1nos iskola fels\u0151 tagozata \u00e9s k\u00f6z\u00e9piskola. Id\u0151tartam: 30 perc. Csal\u00e1dfak\u00e9sz\u00edt\u00e9s. Ismerked\u00e9s a csal\u00e1dfa [&hellip;]<\/p>\n","protected":false},"author":1,"featured_media":0,"parent":18,"menu_order":10,"comment_status":"closed","ping_status":"closed","template":"","meta":{"footnotes":""},"class_list":["post-22","page","type-page","status-publish","hentry"],"_links":{"self":[{"href":"https:\/\/sopronigyujtemenyek.lutheran.hu\/index.php?rest_route=\/wp\/v2\/pages\/22","targetHints":{"allow":["GET"]}}],"collection":[{"href":"https:\/\/sopronigyujtemenyek.lutheran.hu\/index.php?rest_route=\/wp\/v2\/pages"}],"about":[{"href":"https:\/\/sopronigyujtemenyek.lutheran.hu\/index.php?rest_route=\/wp\/v2\/types\/page"}],"author":[{"embeddable":true,"href":"https:\/\/sopronigyujtemenyek.lutheran.hu\/index.php?rest_route=\/wp\/v2\/users\/1"}],"replies":[{"embeddable":true,"href":"https:\/\/sopronigyujtemenyek.lutheran.hu\/index.php?rest_route=%2Fwp%2Fv2%2Fcomments&post=22"}],"version-history":[{"count":5,"href":"https:\/\/sopronigyujtemenyek.lutheran.hu\/index.php?rest_route=\/wp\/v2\/pages\/22\/revisions"}],"predecessor-version":[{"id":383,"href":"https:\/\/sopronigyujtemenyek.lutheran.hu\/index.php?rest_route=\/wp\/v2\/pages\/22\/revisions\/383"}],"up":[{"embeddable":true,"href":"https:\/\/sopronigyujtemenyek.lutheran.hu\/index.php?rest_route=\/wp\/v2\/pages\/18"}],"wp:attachment":[{"href":"https:\/\/sopronigyujtemenyek.lutheran.hu\/index.php?rest_route=%2Fwp%2Fv2%2Fmedia&parent=22"}],"curies":[{"name":"wp","href":"https:\/\/api.w.org\/{rel}","templated":true}]}}

Múzeumpedagógia

<ol>
<li>Tárlatvezetés, akár adott tanórához kapcsolódva is (történelem, hittan). A tárlatvezetés végén rövid tesztlap kitöltésére is van lehetőség. Minden korosztály számára ajánlott. Időtartam: 45 perc.</li>
<li>Sétálólap: a múzeumban látottak egyéni feldolgozásához. Fejleszti az önálló ismeretszerzés– és feldolgozás, valamint a szövegértelmezési kompetenciákat. Ajánlott korosztály: általános iskola felső tagozata és középiskola. Időtartam: 30 perc.</li>
<li>Családfakészítés. Ismerkedés a családfa összeállításához szükséges levéltári forrásokkal, majd a gyerekek maguk is elkezdhetik megrajzolni családfájukat. Ajánlott korosztály: általános iskola 1-8. osztály. Időtartam: 45 perc</li>
<li>Tematikus séta Sopron belvárosában. Az evangélikus vonatkozású helyszínek megtekintése sétálólappal, szakvezetéssel. Ajánlott korosztály: általános iskola felső tagozata és középiskola. Időtartam: 60 perc</li>
</ol>
<p>A múzeumpedagógiai foglalkozásokon a részvétel 400 Ft/fő. A kísérő tanárok ingyenesek.</p>
<p>&nbsp;</p>
<p>&nbsp;</p>

<p>Tárlatvezetés, akár adott tanórához kapcsolódva is (történelem, hittan). A tárlatvezetés végén rövid tesztlap kitöltésére is van lehetőség. Minden korosztály számára ajánlott. Időtartam: 45 perc. Sétálólap: a múzeumban látottak egyéni feldolgozásához. Fejleszti az önálló ismeretszerzés– és feldolgozás, valamint a szövegértelmezési kompetenciákat. Ajánlott korosztály: általános iskola felső tagozata és középiskola. Időtartam: 30 perc. Családfakészítés. Ismerkedés a családfa [&hellip;]</p>
