{"id":24,"date":"2015-11-26T07:18:09","date_gmt":"2015-11-26T07:18:09","guid":{"rendered":"http:\/\/sopronigyujtemenyek.lutheran.hu\/?page_id=24"},"modified":"2015-12-25T22:52:48","modified_gmt":"2015-12-25T21:52:48","slug":"a-muzeum-tortenete","status":"publish","type":"page","link":"https:\/\/sopronigyujtemenyek.lutheran.hu\/?page_id=24","title":{"rendered":"A m\u00fazeum t\u00f6rt\u00e9nete"},"content":{"rendered":"<p>A Templom utca 12-ben, az \u00fan. evang\u00e9likus paplakban az \u00e9p\u00fclet fel\u00faj\u00edt\u00e1s\u00e1t k\u00f6vet\u0151en 1981-ben l\u00e9trej\u00f6tt egy ki\u00e1ll\u00edt\u00e1s, mely h\u00e1rom gy\u00fclekezett\u00f6rt\u00e9neti esem\u00e9nyr\u0151l eml\u00e9kezett meg: Lackner Krist\u00f3f, Sopron tud\u00f3s polg\u00e1rmestere hal\u00e1l\u00e1nak (1631) 350., a soproni orsz\u00e1ggy\u0171l\u00e9s (1681) 300. \u00e9s a T\u00fcrelmi rendelet kiad\u00e1s\u00e1nak (1781) 200. \u00e9vfordul\u00f3j\u00e1r\u00f3l. A nagysiker\u0171 ki\u00e1ll\u00edt\u00e1s k\u00e9t \u00e9vig volt megtekinthet\u0151. Ezt k\u00f6vet\u0151en t\u00f6bb ki\u00e1ll\u00edt\u00e1snak is helyett adott a m\u00fazeum, \u00edgy 1983-ban a \u201eFejezetek a nyugat-dun\u00e1nt\u00fali evang\u00e9likus iskol\u00e1k t\u00f6rt\u00e9net\u00e9b\u0151l\u201d, majd a k\u00f6vetkez\u0151 \u00e9vben a nagy reform\u00e1torunk, Luther M\u00e1rton (1483\u20131546) sz\u00fclet\u00e9s\u00e9nek 500. \u00e9vfordul\u00f3j\u00e1r\u00f3l. A ma is l\u00e1that\u00f3 templom \u00e9p\u00edt\u00e9s\u00e9nek 200 \u00e9ves \u00e9vfordul\u00f3j\u00e1ra is ki\u00e1ll\u00edt\u00e1st szerevezett a gy\u00fclekezet 1984-ben.<\/p>\n<p>A ki\u00e1ll\u00edt\u00e1sok sikerein felbuzdulva 1986 j\u00fanius\u00e1ban ny\u00edlt meg az \u00faj, imm\u00e1r \u00e1lland\u00f3 ki\u00e1ll\u00edt\u00e1s, mely \u00faj szempontok \u00e9s \u00faj rendszer szerint adott \u00e1ltal\u00e1nos \u00f6sszk\u00e9pet gy\u00fclekezet\u00fcnk t\u00f6rt\u00e9net\u00e9r\u0151l, int\u00e9zm\u00e9nyeink m\u0171k\u00f6d\u00e9s\u00e9r\u0151l. A ki\u00e1ll\u00edt\u00e1s t\u00f6bb tematikus r\u00e9szb\u0151l \u00e1llt: foglalkozott a templom t\u00f6rt\u00e9net\u00e9vel, felszerel\u00e9s\u00e9vel (harangok, orgona, kegyszerek), berendez\u00e9s\u00e9vel. V\u00e1logat\u00e1st adott a gy\u00fclekezet lelk\u00e9szeinek munk\u00e1ss\u00e1g\u00e1b\u00f3l (bibliaford\u00edt\u00e1s, \u00e9nekesk\u00f6nyvek, im\u00e1ds\u00e1gos k\u00f6nyvek, bibliai sz\u00f3t\u00e1r szerkeszt\u00e9se, katekizmus \u00edr\u00e1sa, m\u00e1s irodalmi, m\u0171gy\u0171jt\u0151i, m\u0171ford\u00edt\u00f3, oktat\u00f3, nevel\u0151i tev\u00e9kenys\u00e9g). Sz\u00f3lt a soproni evang\u00e9likus tanint\u00e9zetek munk\u00e1j\u00e1r\u00f3l, majd bemutatta a gy\u00fclekezet szerte\u00e1gaz\u00f3, sokir\u00e1ny\u00fa szeretetszolg\u00e1lat\u00e1t, az 1949\u201351 k\u00f6z\u00f6tt m\u0171k\u00f6d\u00e9s\u00fcket besz\u00fcntetni k\u00e9nytelen szeretetint\u00e9zm\u00e9nyek munk\u00e1j\u00e1t (Testv\u00e9regyes\u00fclet, N\u0151egylet, Le\u00e1nyegyes\u00fclet, \u00c1rvah\u00e1z, helyi Gy\u00e1mint\u00e9zet, Diakonissza Int\u00e9zet, Olvas\u00f3 \u00e9s Ifj\u00fas\u00e1gi Egyes\u00fclet). A ki\u00e1ll\u00edt\u00e1s a soproni evang\u00e9likus szellem n\u00e9h\u00e1ny kiemelked\u0151 k\u00e9pvisel\u0151j\u00e9nek bemutat\u00e1s\u00e1val z\u00e1rult.<\/p>\n<p>A Soproni Evang\u00e9likus Egyh\u00e1zk\u00f6zs\u00e9g 2014-ben az \u00e1llamt\u00f3l k\u00e1rp\u00f3tl\u00e1son visszakapott egykori evang\u00e9likus n\u00e9piskola \u00e9p\u00fclet\u00e9be (Sz\u00ednh\u00e1z utca 27.) k\u00f6lt\u00f6z\u00f6tt.\u00a0 Itt az \u00faj, 21. sz\u00e1zadi ig\u00e9nyeknek megfelel\u0151 gy\u00fclekezett\u00f6rt\u00e9neti ki\u00e1ll\u00edt\u00e1s 2015. okt\u00f3ber 10-\u00e9n nyitotta meg kapuit \u00e9s az\u00f3ta is v\u00e1rja a l\u00e1togat\u00f3kat.<\/p>\n<p>&nbsp;<\/p>\n","protected":false},"excerpt":{"rendered":"<p>A Templom utca 12-ben, az \u00fan. evang\u00e9likus paplakban az \u00e9p\u00fclet fel\u00faj\u00edt\u00e1s\u00e1t k\u00f6vet\u0151en 1981-ben l\u00e9trej\u00f6tt egy ki\u00e1ll\u00edt\u00e1s, mely h\u00e1rom gy\u00fclekezett\u00f6rt\u00e9neti esem\u00e9nyr\u0151l eml\u00e9kezett meg: Lackner Krist\u00f3f, Sopron tud\u00f3s polg\u00e1rmestere hal\u00e1l\u00e1nak (1631) 350., a soproni orsz\u00e1ggy\u0171l\u00e9s (1681) 300. \u00e9s a T\u00fcrelmi rendelet kiad\u00e1s\u00e1nak (1781) 200. \u00e9vfordul\u00f3j\u00e1r\u00f3l. A nagysiker\u0171 ki\u00e1ll\u00edt\u00e1s k\u00e9t \u00e9vig volt megtekinthet\u0151. Ezt k\u00f6vet\u0151en t\u00f6bb ki\u00e1ll\u00edt\u00e1snak is [&hellip;]<\/p>\n","protected":false},"author":1,"featured_media":0,"parent":18,"menu_order":20,"comment_status":"closed","ping_status":"closed","template":"","meta":{"footnotes":""},"class_list":["post-24","page","type-page","status-publish","hentry"],"_links":{"self":[{"href":"https:\/\/sopronigyujtemenyek.lutheran.hu\/index.php?rest_route=\/wp\/v2\/pages\/24","targetHints":{"allow":["GET"]}}],"collection":[{"href":"https:\/\/sopronigyujtemenyek.lutheran.hu\/index.php?rest_route=\/wp\/v2\/pages"}],"about":[{"href":"https:\/\/sopronigyujtemenyek.lutheran.hu\/index.php?rest_route=\/wp\/v2\/types\/page"}],"author":[{"embeddable":true,"href":"https:\/\/sopronigyujtemenyek.lutheran.hu\/index.php?rest_route=\/wp\/v2\/users\/1"}],"replies":[{"embeddable":true,"href":"https:\/\/sopronigyujtemenyek.lutheran.hu\/index.php?rest_route=%2Fwp%2Fv2%2Fcomments&post=24"}],"version-history":[{"count":2,"href":"https:\/\/sopronigyujtemenyek.lutheran.hu\/index.php?rest_route=\/wp\/v2\/pages\/24\/revisions"}],"predecessor-version":[{"id":83,"href":"https:\/\/sopronigyujtemenyek.lutheran.hu\/index.php?rest_route=\/wp\/v2\/pages\/24\/revisions\/83"}],"up":[{"embeddable":true,"href":"https:\/\/sopronigyujtemenyek.lutheran.hu\/index.php?rest_route=\/wp\/v2\/pages\/18"}],"wp:attachment":[{"href":"https:\/\/sopronigyujtemenyek.lutheran.hu\/index.php?rest_route=%2Fwp%2Fv2%2Fmedia&parent=24"}],"curies":[{"name":"wp","href":"https:\/\/api.w.org\/{rel}","templated":true}]}}