{"id":36,"date":"2015-11-26T07:23:14","date_gmt":"2015-11-26T07:23:14","guid":{"rendered":"http:\/\/sopronigyujtemenyek.lutheran.hu\/?page_id=36"},"modified":"2026-03-26T11:26:15","modified_gmt":"2026-03-26T10:26:15","slug":"leveltar-nyomtatvanyok","status":"publish","type":"page","link":"https:\/\/sopronigyujtemenyek.lutheran.hu\/?page_id=36","title":{"rendered":"Nyomtatv\u00e1nyok"},"content":{"rendered":"<p><a href=\"http:\/\/sopronigyujtemenyek.lutheran.hu\/wp-content\/uploads\/SEL-kutat\u00e1si-szab\u00e1lyzata.pdf\">SEL kutat\u00e1si szab\u00e1lyzata<\/a><\/p>\n<p><a href=\"http:\/\/sopronigyujtemenyek.lutheran.hu\/wp-content\/uploads\/2015\/12\/felhasznaloi-szerzodes-foto-kozlesehez.doc\" target=\"_blank\">Felhaszn\u00e1l\u00f3i szerz\u0151d\u00e9s fot\u00f3 k\u00f6zl\u00e9s\u00e9hez<\/a><\/p>\n<p>&nbsp;<\/p>\n","protected":false},"excerpt":{"rendered":"<p>SEL kutat\u00e1si szab\u00e1lyzata Felhaszn\u00e1l\u00f3i szerz\u0151d\u00e9s fot\u00f3 k\u00f6zl\u00e9s\u00e9hez &nbsp;<\/p>\n","protected":false},"author":1,"featured_media":0,"parent":32,"menu_order":10,"comment_status":"closed","ping_status":"closed","template":"","meta":{"footnotes":""},"class_list":["post-36","page","type-page","status-publish","hentry"],"_links":{"self":[{"href":"https:\/\/sopronigyujtemenyek.lutheran.hu\/index.php?rest_route=\/wp\/v2\/pages\/36","targetHints":{"allow":["GET"]}}],"collection":[{"href":"https:\/\/sopronigyujtemenyek.lutheran.hu\/index.php?rest_route=\/wp\/v2\/pages"}],"about":[{"href":"https:\/\/sopronigyujtemenyek.lutheran.hu\/index.php?rest_route=\/wp\/v2\/types\/page"}],"author":[{"embeddable":true,"href":"https:\/\/sopronigyujtemenyek.lutheran.hu\/index.php?rest_route=\/wp\/v2\/users\/1"}],"replies":[{"embeddable":true,"href":"https:\/\/sopronigyujtemenyek.lutheran.hu\/index.php?rest_route=%2Fwp%2Fv2%2Fcomments&post=36"}],"version-history":[{"count":5,"href":"https:\/\/sopronigyujtemenyek.lutheran.hu\/index.php?rest_route=\/wp\/v2\/pages\/36\/revisions"}],"predecessor-version":[{"id":155,"href":"https:\/\/sopronigyujtemenyek.lutheran.hu\/index.php?rest_route=\/wp\/v2\/pages\/36\/revisions\/155"}],"up":[{"embeddable":true,"href":"https:\/\/sopronigyujtemenyek.lutheran.hu\/index.php?rest_route=\/wp\/v2\/pages\/32"}],"wp:attachment":[{"href":"https:\/\/sopronigyujtemenyek.lutheran.hu\/index.php?rest_route=%2Fwp%2Fv2%2Fmedia&parent=36"}],"curies":[{"name":"wp","href":"https:\/\/api.w.org\/{rel}","templated":true}]}}

Nyomtatványok

<p><a href="http://sopronigyujtemenyek.lutheran.hu/wp-content/uploads/SEL-kutatási-szabályzata.pdf">SEL kutatási szabályzata</a></p>
<p><a href="http://sopronigyujtemenyek.lutheran.hu/wp-content/uploads/2015/12/felhasznaloi-szerzodes-foto-kozlesehez.doc" target="_blank">Felhasználói szerződés fotó közléséhez</a></p>
<p>&nbsp;</p>

<p>SEL kutatási szabályzata Felhasználói szerződés fotó közléséhez &nbsp;</p>
