{"id":40,"date":"2015-11-26T07:26:42","date_gmt":"2015-11-26T07:26:42","guid":{"rendered":"http:\/\/sopronigyujtemenyek.lutheran.hu\/?page_id=40"},"modified":"2024-02-25T06:37:56","modified_gmt":"2024-02-25T05:37:56","slug":"leveltar-ekutatas","status":"publish","type":"page","link":"https:\/\/sopronigyujtemenyek.lutheran.hu\/?page_id=40","title":{"rendered":"E-kutat\u00e1s"},"content":{"rendered":"<p>A Magyarorsz\u00e1gi Evang\u00e9likus Egyh\u00e1z 2014-ben kezdte meg az anyak\u00f6nyvek digitaliz\u00e1l\u00e1s\u00e1t. A projekt keret\u00e9ben 2015-ben online el\u00e9rhet\u0151v\u00e9 v\u00e1ltak a soproni gy\u00fclekezet \u00e9s a Soproni Evang\u00e9likus Egyh\u00e1zmegye anyak\u00f6nyvei is. R\u00e9szletek\u00e9rt kattintson az al\u00e1bbi linkre:<\/p>\n<p><a href=\"http:\/\/www.oskereso.hu\/\" target=\"_blank\" rel=\"noopener noreferrer\">\u0150skeres\u0151 \u2013 A Magyarorsz\u00e1gi Evang\u00e9likus Egyh\u00e1z anyak\u00f6nyvei<\/a><\/p>\n<p>&nbsp;<\/p>\n<p>Az Emberi Er\u0151forr\u00e1sok Miniszt\u00e9riuma p\u00e1ly\u00e1zati t\u00e1mogat\u00e1s\u00e1nak k\u00f6sz\u00f6nhet\u0151en el\u00e9rhet\u0151, a kutat\u00e1sok jelenlegi \u00e1ll\u00e1sa alapj\u00e1n, a Soproni Evang\u00e9likus Egyh\u00e1zk\u00f6zs\u00e9g fel\u00fcgyel\u0151inek \u00e9s igazgat\u00f3 lelk\u00e9szeinek list\u00e1ja.<\/p>\n<p>A fel\u00fcgyel\u0151k list\u00e1j\u00e1hoz kattintson ide: <a href=\"https:\/\/sopronigyujtemenyek.lutheran.hu\/wp-content\/uploads\/Felugyelok-nevsora.pdf\">Fel\u00fcgyel\u0151k n\u00e9vsora<\/a><\/p>\n<p>Az igazgat\u00f3 lelk\u00e9szek list\u00e1j\u00e1hoz kattintson ide: <a href=\"https:\/\/sopronigyujtemenyek.lutheran.hu\/wp-content\/uploads\/Igazgat\u00f3-lelk\u00e9szek-n\u00e9vsora-v\u00e9gleges-1.pdf\">Igazgat\u00f3 lelk\u00e9szek n\u00e9vsora v\u00e9gleges<\/a><\/p>\n<p>&nbsp;<\/p>\n<p>A Soproni Evang\u00e9likus Lev\u00e9lt\u00e1r digitaliz\u00e1lt iratai az al\u00e1bbi linkre kattintva \u00e9rhet\u0151ek el:<\/p>\n<p><a href=\"https:\/\/library.hungaricana.hu\/hu\/collection\/edt_eol_evangelikus_egyhazkozsegi_jegyzokonyvek_Sopron\/\">https:\/\/library.hungaricana.hu\/hu\/collection\/edt_eol_evangelikus_egyhazkozsegi_jegyzokonyvek_Sopron\/<\/a><\/p>\n<p><a href=\"https:\/\/sopronigyujtemenyek.lutheran.hu\/?page_id=623\">Fot\u00f3gy\u0171jtem\u00e9ny<\/a><\/p>\n<p><a href=\"https:\/\/sopronigyujtemenyek.lutheran.hu\/?page_id=772\">Gy\u00e1szjelent\u00e9sek A-t\u00f3l K-ig<\/a><\/p>\n<p><a href=\"https:\/\/sopronigyujtemenyek.lutheran.hu\/?page_id=1327\">Gy\u00e1szjelent\u00e9sek L-t\u0151l P-ig<\/a><\/p>\n<p><a href=\"https:\/\/sopronigyujtemenyek.lutheran.hu\/?page_id=1755\">Gy\u00e1szjelent\u00e9sek S-t\u0151l ZS-ig<\/a><br \/>\n&nbsp;<\/p>\n","protected":false},"excerpt":{"rendered":"<p>A Magyarorsz\u00e1gi Evang\u00e9likus Egyh\u00e1z 2014-ben kezdte meg az anyak\u00f6nyvek digitaliz\u00e1l\u00e1s\u00e1t. A projekt keret\u00e9ben 2015-ben online el\u00e9rhet\u0151v\u00e9 v\u00e1ltak a soproni gy\u00fclekezet \u00e9s a Soproni Evang\u00e9likus Egyh\u00e1zmegye anyak\u00f6nyvei is. R\u00e9szletek\u00e9rt kattintson az al\u00e1bbi linkre: \u0150skeres\u0151 \u2013 A Magyarorsz\u00e1gi Evang\u00e9likus Egyh\u00e1z anyak\u00f6nyvei &nbsp; Az Emberi Er\u0151forr\u00e1sok Miniszt\u00e9riuma p\u00e1ly\u00e1zati t\u00e1mogat\u00e1s\u00e1nak k\u00f6sz\u00f6nhet\u0151en el\u00e9rhet\u0151, a kutat\u00e1sok jelenlegi \u00e1ll\u00e1sa alapj\u00e1n, a Soproni [&hellip;]<\/p>\n","protected":false},"author":1,"featured_media":0,"parent":32,"menu_order":30,"comment_status":"closed","ping_status":"closed","template":"","meta":{"footnotes":""},"class_list":["post-40","page","type-page","status-publish","hentry"],"_links":{"self":[{"href":"https:\/\/sopronigyujtemenyek.lutheran.hu\/index.php?rest_route=\/wp\/v2\/pages\/40","targetHints":{"allow":["GET"]}}],"collection":[{"href":"https:\/\/sopronigyujtemenyek.lutheran.hu\/index.php?rest_route=\/wp\/v2\/pages"}],"about":[{"href":"https:\/\/sopronigyujtemenyek.lutheran.hu\/index.php?rest_route=\/wp\/v2\/types\/page"}],"author":[{"embeddable":true,"href":"https:\/\/sopronigyujtemenyek.lutheran.hu\/index.php?rest_route=\/wp\/v2\/users\/1"}],"replies":[{"embeddable":true,"href":"https:\/\/sopronigyujtemenyek.lutheran.hu\/index.php?rest_route=%2Fwp%2Fv2%2Fcomments&post=40"}],"version-history":[{"count":20,"href":"https:\/\/sopronigyujtemenyek.lutheran.hu\/index.php?rest_route=\/wp\/v2\/pages\/40\/revisions"}],"predecessor-version":[{"id":1762,"href":"https:\/\/sopronigyujtemenyek.lutheran.hu\/index.php?rest_route=\/wp\/v2\/pages\/40\/revisions\/1762"}],"up":[{"embeddable":true,"href":"https:\/\/sopronigyujtemenyek.lutheran.hu\/index.php?rest_route=\/wp\/v2\/pages\/32"}],"wp:attachment":[{"href":"https:\/\/sopronigyujtemenyek.lutheran.hu\/index.php?rest_route=%2Fwp%2Fv2%2Fmedia&parent=40"}],"curies":[{"name":"wp","href":"https:\/\/api.w.org\/{rel}","templated":true}]}}

E-kutatás

<p>A Magyarországi Evangélikus Egyház 2014-ben kezdte meg az anyakönyvek digitalizálását. A projekt keretében 2015-ben online elérhetővé váltak a soproni gyülekezet és a Soproni Evangélikus Egyházmegye anyakönyvei is. Részletekért kattintson az alábbi linkre:</p>
<p><a href="http://www.oskereso.hu/" target="_blank" rel="noopener noreferrer">Őskereső – A Magyarországi Evangélikus Egyház anyakönyvei</a></p>
<p>&nbsp;</p>
<p>Az Emberi Erőforrások Minisztériuma pályázati támogatásának köszönhetően elérhető, a kutatások jelenlegi állása alapján, a Soproni Evangélikus Egyházközség felügyelőinek és igazgató lelkészeinek listája.</p>
<p>A felügyelők listájához kattintson ide: <a href="https://sopronigyujtemenyek.lutheran.hu/wp-content/uploads/Felugyelok-nevsora.pdf">Felügyelők névsora</a></p>
<p>Az igazgató lelkészek listájához kattintson ide: <a href="https://sopronigyujtemenyek.lutheran.hu/wp-content/uploads/Igazgató-lelkészek-névsora-végleges-1.pdf">Igazgató lelkészek névsora végleges</a></p>
<p>&nbsp;</p>
<p>A Soproni Evangélikus Levéltár digitalizált iratai az alábbi linkre kattintva érhetőek el:</p>
<p><a href="https://library.hungaricana.hu/hu/collection/edt_eol_evangelikus_egyhazkozsegi_jegyzokonyvek_Sopron/">https://library.hungaricana.hu/hu/collection/edt_eol_evangelikus_egyhazkozsegi_jegyzokonyvek_Sopron/</a></p>
<p><a href="https://sopronigyujtemenyek.lutheran.hu/?page_id=623">Fotógyűjtemény</a></p>
<p><a href="https://sopronigyujtemenyek.lutheran.hu/?page_id=772">Gyászjelentések A-tól K-ig</a></p>
<p><a href="https://sopronigyujtemenyek.lutheran.hu/?page_id=1327">Gyászjelentések L-től P-ig</a></p>
<p><a href="https://sopronigyujtemenyek.lutheran.hu/?page_id=1755">Gyászjelentések S-től ZS-ig</a><br />
&nbsp;</p>

<p>A Magyarországi Evangélikus Egyház 2014-ben kezdte meg az anyakönyvek digitalizálását. A projekt keretében 2015-ben online elérhetővé váltak a soproni gyülekezet és a Soproni Evangélikus Egyházmegye anyakönyvei is. Részletekért kattintson az alábbi linkre: Őskereső – A Magyarországi Evangélikus Egyház anyakönyvei &nbsp; Az Emberi Erőforrások Minisztériuma pályázati támogatásának köszönhetően elérhető, a kutatások jelenlegi állása alapján, a Soproni [&hellip;]</p>
