{"id":60,"date":"2015-11-26T07:38:29","date_gmt":"2015-11-26T07:38:29","guid":{"rendered":"http:\/\/sopronigyujtemenyek.lutheran.hu\/?page_id=60"},"modified":"2021-04-30T07:40:09","modified_gmt":"2021-04-30T06:40:09","slug":"kiadvanyok","status":"publish","type":"page","link":"https:\/\/sopronigyujtemenyek.lutheran.hu\/?page_id=60","title":{"rendered":"Kiadv\u00e1nyok"},"content":{"rendered":"<p>Krisch Andr\u00e1s &#8211; T\u00f3thn\u00e9 Szlavkovszky Mariann: A soproni evang\u00e9likus gy\u00fclekezet \u00e9vsz\u00e1zadai. Ki\u00e1ll\u00edt\u00e1skatal\u00f3gus. Sopron, 2017.<img decoding=\"async\" class=\"wp-image-361 alignright\" src=\"https:\/\/sopronigyujtemenyek.lutheran.hu\/wp-content\/uploads\/kotet-298x300.jpg\" alt=\"\" width=\"233\" height=\"235\" srcset=\"https:\/\/sopronigyujtemenyek.lutheran.hu\/wp-content\/uploads\/kotet-298x300.jpg 298w, https:\/\/sopronigyujtemenyek.lutheran.hu\/wp-content\/uploads\/kotet-150x150.jpg 150w, https:\/\/sopronigyujtemenyek.lutheran.hu\/wp-content\/uploads\/kotet-1018x1024.jpg 1018w\" sizes=\"(max-width: 233px) 100vw, 233px\" \/><\/p>\n<p>Krisch Andr\u00e1s &#8211; T\u00f3thn\u00e9 Szlavkovszky Mariann: Die Jahrhunderte der \u00d6denburger Evangelisch-Lutherischen Kirchengemeinde. Ausstellungskatalog. Sopron\/\u00d6denburg, 2017.<\/p>\n<hr \/>\n<p>Winkler G\u00e1bor: Sopron, evang\u00e9likus templom. Sopron, 2008.<\/p>\n<hr \/>\n<p><img decoding=\"async\" class=\"wp-image-108 size-full alignright\" src=\"http:\/\/sopronigyujtemenyek.lutheran.hu\/wp-content\/uploads\/2015\/12\/helyzetrajz-es-adalekok-1.jpg\" alt=\"helyzetrajz-es-adalekok-1\" width=\"200\" height=\"285\" \/>Hanzmann K\u00e1roly: Helyzetrajz \u00e9s adal\u00e9kok a soproni \u00e1gostai hitvall\u00e1s\u00fa evang\u00e9likus egyh\u00e1zk\u00f6zs\u00e9g 1900-1950. \u00e9vi t\u00f6rt\u00e9net\u00e9hez<br \/>\nI. k\u00f6tet. A korszak kr\u00f3nik\u00e1ja. Sopron, 2000.<\/p>\n<p>Sajt\u00f3 al\u00e1 rendezte Sz\u00e1la Erzs\u00e9bet.<\/p>\n<hr \/>\n<p><img decoding=\"async\" class=\"alignright size-full wp-image-109\" src=\"http:\/\/sopronigyujtemenyek.lutheran.hu\/wp-content\/uploads\/2015\/12\/helyzetrajz-es-adalekok-2.jpg\" alt=\"helyzetrajz-es-adalekok-2\" width=\"200\" height=\"285\" \/>Hanzmann K\u00e1roly: Helyzetrajz \u00e9s adal\u00e9kok a soproni \u00e1gostai hitvall\u00e1s\u00fa evang\u00e9likus egyh\u00e1zk\u00f6zs\u00e9g 1900-1950. \u00e9vi t\u00f6rt\u00e9net\u00e9hez<br \/>\nII. k\u00f6tet: A korszak munka\u00e1gai \u00e9s emberei. Sopron, 2003.<\/p>\n<p>Sajt\u00f3 al\u00e1 rendezte Sz\u00e1la Erzs\u00e9bet.<\/p>\n<hr \/>\n<p><img decoding=\"async\" class=\"alignright size-full wp-image-110\" src=\"http:\/\/sopronigyujtemenyek.lutheran.hu\/wp-content\/uploads\/2015\/12\/helyzetrajz-es-adalekok-3.jpg\" alt=\"helyzetrajz-es-adalekok-3\" width=\"200\" height=\"285\" \/>Hanzmann K\u00e1roly: Helyzetrajz \u00e9s adal\u00e9kok a soproni \u00e1gostai hitvall\u00e1s\u00fa evang\u00e9likus egyh\u00e1zk\u00f6zs\u00e9g 1900-1950. \u00e9vi t\u00f6rt\u00e9net\u00e9hez<br \/>\nIII. k\u00f6tet: Mutat\u00f3k. Sopron, 2007.<\/p>\n<p>Sajt\u00f3 al\u00e1 rendezte Sz\u00e1la Erzs\u00e9bet.<\/p>\n<hr \/>\n<p><img decoding=\"async\" class=\"alignright size-full wp-image-107\" src=\"http:\/\/sopronigyujtemenyek.lutheran.hu\/wp-content\/uploads\/2015\/12\/a-szinhaz-utcai-evangelikus-iskola.jpg\" alt=\"a-szinhaz-utcai-evangelikus-iskola\" width=\"200\" height=\"268\" \/>Graf Samuel: A Sz\u00ednh\u00e1z utcai Evang\u00e9likus Elemi Iskola meg\u00e9p\u00edt\u00e9se 1883-1884. k\u00f6z\u00f6tt. Sopron, 2014.<\/p>\n<hr \/>\n<p><img decoding=\"async\" class=\"alignright size-full wp-image-111\" src=\"http:\/\/sopronigyujtemenyek.lutheran.hu\/wp-content\/uploads\/2015\/12\/lecso-es-huszarcsok.jpg\" alt=\"lecso-es-huszarcsok\" width=\"200\" height=\"285\" \/>Lecs\u00f3 \u00e9s husz\u00e1rcs\u00f3k. Letscho und Huserankuss.<br \/>\nA Soproni Evang\u00e9likus Gy\u00fclekezet szak\u00e1csk\u00f6nyve. Sopron, 2014.<\/p>\n<p>&nbsp;<\/p>\n","protected":false},"excerpt":{"rendered":"<p>Krisch Andr\u00e1s &#8211; T\u00f3thn\u00e9 Szlavkovszky Mariann: A soproni evang\u00e9likus gy\u00fclekezet \u00e9vsz\u00e1zadai. Ki\u00e1ll\u00edt\u00e1skatal\u00f3gus. Sopron, 2017. Krisch Andr\u00e1s &#8211; T\u00f3thn\u00e9 Szlavkovszky Mariann: Die Jahrhunderte der \u00d6denburger Evangelisch-Lutherischen Kirchengemeinde. Ausstellungskatalog. Sopron\/\u00d6denburg, 2017. Winkler G\u00e1bor: Sopron, evang\u00e9likus templom. Sopron, 2008. Hanzmann K\u00e1roly: Helyzetrajz \u00e9s adal\u00e9kok a soproni \u00e1gostai hitvall\u00e1s\u00fa evang\u00e9likus egyh\u00e1zk\u00f6zs\u00e9g 1900-1950. \u00e9vi t\u00f6rt\u00e9net\u00e9hez I. k\u00f6tet. A korszak kr\u00f3nik\u00e1ja. [&hellip;]<\/p>\n","protected":false},"author":1,"featured_media":0,"parent":52,"menu_order":30,"comment_status":"closed","ping_status":"closed","template":"","meta":{"footnotes":""},"class_list":["post-60","page","type-page","status-publish","hentry"],"_links":{"self":[{"href":"https:\/\/sopronigyujtemenyek.lutheran.hu\/index.php?rest_route=\/wp\/v2\/pages\/60","targetHints":{"allow":["GET"]}}],"collection":[{"href":"https:\/\/sopronigyujtemenyek.lutheran.hu\/index.php?rest_route=\/wp\/v2\/pages"}],"about":[{"href":"https:\/\/sopronigyujtemenyek.lutheran.hu\/index.php?rest_route=\/wp\/v2\/types\/page"}],"author":[{"embeddable":true,"href":"https:\/\/sopronigyujtemenyek.lutheran.hu\/index.php?rest_route=\/wp\/v2\/users\/1"}],"replies":[{"embeddable":true,"href":"https:\/\/sopronigyujtemenyek.lutheran.hu\/index.php?rest_route=%2Fwp%2Fv2%2Fcomments&post=60"}],"version-history":[{"count":17,"href":"https:\/\/sopronigyujtemenyek.lutheran.hu\/index.php?rest_route=\/wp\/v2\/pages\/60\/revisions"}],"predecessor-version":[{"id":775,"href":"https:\/\/sopronigyujtemenyek.lutheran.hu\/index.php?rest_route=\/wp\/v2\/pages\/60\/revisions\/775"}],"up":[{"embeddable":true,"href":"https:\/\/sopronigyujtemenyek.lutheran.hu\/index.php?rest_route=\/wp\/v2\/pages\/52"}],"wp:attachment":[{"href":"https:\/\/sopronigyujtemenyek.lutheran.hu\/index.php?rest_route=%2Fwp%2Fv2%2Fmedia&parent=60"}],"curies":[{"name":"wp","href":"https:\/\/api.w.org\/{rel}","templated":true}]}}