{"id":85,"date":"2015-12-25T22:57:39","date_gmt":"2015-12-25T21:57:39","guid":{"rendered":"http:\/\/sopronigyujtemenyek.lutheran.hu\/?page_id=85"},"modified":"2016-10-07T09:18:11","modified_gmt":"2016-10-07T08:18:11","slug":"lelkeszi-koszonto","status":"publish","type":"page","link":"https:\/\/sopronigyujtemenyek.lutheran.hu\/?page_id=85","title":{"rendered":"Lelk\u00e9szi k\u00f6sz\u00f6nt\u0151"},"content":{"rendered":"<p><img decoding=\"async\" class=\"alignright size-full wp-image-125\" src=\"http:\/\/sopronigyujtemenyek.lutheran.hu\/wp-content\/uploads\/toth-karoly-lelkesz.jpg\" alt=\"toth-karoly-lelkesz\" width=\"250\" height=\"338\" srcset=\"https:\/\/sopronigyujtemenyek.lutheran.hu\/wp-content\/uploads\/toth-karoly-lelkesz.jpg 250w, https:\/\/sopronigyujtemenyek.lutheran.hu\/wp-content\/uploads\/toth-karoly-lelkesz-222x300.jpg 222w\" sizes=\"(max-width: 250px) 100vw, 250px\" \/>Szeretettel k\u00f6sz\u00f6ntj\u00fck a Soproni Evang\u00e9likus Gy\u0171jtem\u00e9nyek honlapj\u00e1n. A reform\u00e1ci\u00f3 Magyarorsz\u00e1gon az els\u0151k k\u00f6z\u00f6tt Sopronban jelent meg. Az \u00edgy megsz\u00fcletett gy\u00fclekezet int\u00e9zm\u00e9nyeivel egy\u00fctt a magyarorsz\u00e1gi evang\u00e9likuss\u00e1g egyik k\u00f6zpontj\u00e1v\u00e1 v\u00e1lt. Ennek a k\u00f6z\u00f6ss\u00e9gnek a csaknem f\u00e9l\u00e9vezredes, gazdag m\u00faltj\u00e1ba \u00e9s jelen\u00e9be ny\u00fajt bepillant\u00e1st m\u00fazeumunk, lev\u00e9lt\u00e1runk \u00e9s k\u00f6nyvt\u00e1runk.<\/p>\n<p>A sokr\u00e9t\u0171 anyag viszont nem csak a gy\u00fclekezet t\u00f6rt\u00e9net\u00e9r\u0151l sz\u00f3l. A reform\u00e1ci\u00f3 el\u0151tti id\u0151b\u0151l is \u0151rz\u00fcnk eml\u00e9keket, amik tan\u00fas\u00edtj\u00e1k, hogyan becs\u00fclt\u00e9k a soproniak a kor\u00e1bbi \u00e9vsz\u00e1zadok \u00f6r\u00f6ks\u00e9g\u00e9t. Az egyetemes \u00e9s magyar t\u00f6rt\u00e9nelem fordulatainak hat\u00e1sair\u00f3l is sok forr\u00e1st tal\u00e1lhatnak a n\u00e1lunk kutat\u00f3k.<\/p>\n<p>A t\u00e1g \u00f6sszef\u00fcgg\u00e9sek ellen\u00e9re a m\u0171t\u00e1rgyak, iratok \u00e9s k\u00f6nyvek els\u0151sorban m\u00e9gis a soproni evang\u00e9likusok t\u00f6rt\u00e9net\u00e9r\u0151l tan\u00faskodnak. Ez a t\u00f6rt\u00e9net ma is tart. \u00dcld\u00f6ztet\u00e9sek, tilt\u00e1sok \u00e9s m\u00e1s neh\u00e9zs\u00e9gek ellen\u00e9re alap\u00edt\u00e1sa \u00f3ta folyamatos az egyh\u00e1zk\u00f6zs\u00e9g \u00e9lete. Ma is ugyanazon reform\u00e1tori iratok szerint \u00e9rtj\u00fck \u00e9s hirdetj\u00fck Isten ig\u00e9j\u00e9t, mint amik k\u00f6r\u00fcl csaknem \u00f6tsz\u00e1z \u00e9ve izgatottan gy\u0171ltek \u00f6ssze a soproni polg\u00e1rok. A fiatalok ma is abb\u00f3l a p\u00e1ratlan sz\u00e9ps\u00e9g\u0171 kehelyb\u0151l vesznek el\u0151sz\u00f6r \u00farvacsor\u00e1t konfirm\u00e1ci\u00f3jukon, amely t\u00f6bb mint h\u00e1romsz\u00e1z \u00e9ve gy\u00fclekezet\u00fcnk egyik leg\u00e9rt\u00e9kesebb m\u0171t\u00e1rgya. Ma is rendszeresen tartunk alkalmakat n\u00e9met nyelven is, ami hetven \u00e9vvel ezel\u0151ttig a gy\u00fclekezet t\u00f6bbs\u00e9gi nyelve volt. Egy sokr\u00e9t\u0171, pezsg\u0151 \u00e9let\u0171 k\u00f6z\u00f6ss\u00e9g h\u00edvja \u00d6nt m\u00faltj\u00e1nak \u00e9s jelen\u00e9nek megismer\u00e9s\u00e9re.<\/p>\n<p>Rem\u00e9lj\u00fck, szem\u00e9lyesen is tal\u00e1lkozhatunk.<\/p>\n<p><em>T\u00f3th K\u00e1roly lelk\u00e9sz<\/em><\/p>\n<p>&nbsp;<\/p>\n<p>A Soproni Evang\u00e9likus Egyh\u00e1zk\u00f6zs\u00e9g honlapja:<\/p>\n<p><a href=\"http:\/\/sopron.lutheran.hu\/\">http:\/\/sopron.lutheran.hu\/<\/a><\/p>\n","protected":false},"excerpt":{"rendered":"<p>Szeretettel k\u00f6sz\u00f6ntj\u00fck a Soproni Evang\u00e9likus Gy\u0171jtem\u00e9nyek honlapj\u00e1n. A reform\u00e1ci\u00f3 Magyarorsz\u00e1gon az els\u0151k k\u00f6z\u00f6tt Sopronban jelent meg. Az \u00edgy megsz\u00fcletett gy\u00fclekezet int\u00e9zm\u00e9nyeivel egy\u00fctt a magyarorsz\u00e1gi evang\u00e9likuss\u00e1g egyik k\u00f6zpontj\u00e1v\u00e1 v\u00e1lt. Ennek a k\u00f6z\u00f6ss\u00e9gnek a csaknem f\u00e9l\u00e9vezredes, gazdag m\u00faltj\u00e1ba \u00e9s jelen\u00e9be ny\u00fajt bepillant\u00e1st m\u00fazeumunk, lev\u00e9lt\u00e1runk \u00e9s k\u00f6nyvt\u00e1runk. A sokr\u00e9t\u0171 anyag viszont nem csak a gy\u00fclekezet t\u00f6rt\u00e9net\u00e9r\u0151l sz\u00f3l. A [&hellip;]<\/p>\n","protected":false},"author":1,"featured_media":0,"parent":52,"menu_order":0,"comment_status":"closed","ping_status":"closed","template":"","meta":{"footnotes":""},"class_list":["post-85","page","type-page","status-publish","hentry"],"_links":{"self":[{"href":"https:\/\/sopronigyujtemenyek.lutheran.hu\/index.php?rest_route=\/wp\/v2\/pages\/85","targetHints":{"allow":["GET"]}}],"collection":[{"href":"https:\/\/sopronigyujtemenyek.lutheran.hu\/index.php?rest_route=\/wp\/v2\/pages"}],"about":[{"href":"https:\/\/sopronigyujtemenyek.lutheran.hu\/index.php?rest_route=\/wp\/v2\/types\/page"}],"author":[{"embeddable":true,"href":"https:\/\/sopronigyujtemenyek.lutheran.hu\/index.php?rest_route=\/wp\/v2\/users\/1"}],"replies":[{"embeddable":true,"href":"https:\/\/sopronigyujtemenyek.lutheran.hu\/index.php?rest_route=%2Fwp%2Fv2%2Fcomments&post=85"}],"version-history":[{"count":7,"href":"https:\/\/sopronigyujtemenyek.lutheran.hu\/index.php?rest_route=\/wp\/v2\/pages\/85\/revisions"}],"predecessor-version":[{"id":210,"href":"https:\/\/sopronigyujtemenyek.lutheran.hu\/index.php?rest_route=\/wp\/v2\/pages\/85\/revisions\/210"}],"up":[{"embeddable":true,"href":"https:\/\/sopronigyujtemenyek.lutheran.hu\/index.php?rest_route=\/wp\/v2\/pages\/52"}],"wp:attachment":[{"href":"https:\/\/sopronigyujtemenyek.lutheran.hu\/index.php?rest_route=%2Fwp%2Fv2%2Fmedia&parent=85"}],"curies":[{"name":"wp","href":"https:\/\/api.w.org\/{rel}","templated":true}]}}

Lelkészi köszöntő

<p><img decoding="async" class="alignright size-full wp-image-125" src="http://sopronigyujtemenyek.lutheran.hu/wp-content/uploads/toth-karoly-lelkesz.jpg" alt="toth-karoly-lelkesz" width="250" height="338" srcset="https://sopronigyujtemenyek.lutheran.hu/wp-content/uploads/toth-karoly-lelkesz.jpg 250w, https://sopronigyujtemenyek.lutheran.hu/wp-content/uploads/toth-karoly-lelkesz-222x300.jpg 222w" sizes="(max-width: 250px) 100vw, 250px" />Szeretettel köszöntjük a Soproni Evangélikus Gyűjtemények honlapján. A reformáció Magyarországon az elsők között Sopronban jelent meg. Az így megszületett gyülekezet intézményeivel együtt a magyarországi evangélikusság egyik központjává vált. Ennek a közösségnek a csaknem félévezredes, gazdag múltjába és jelenébe nyújt bepillantást múzeumunk, levéltárunk és könyvtárunk.</p>
<p>A sokrétű anyag viszont nem csak a gyülekezet történetéről szól. A reformáció előtti időből is őrzünk emlékeket, amik tanúsítják, hogyan becsülték a soproniak a korábbi évszázadok örökségét. Az egyetemes és magyar történelem fordulatainak hatásairól is sok forrást találhatnak a nálunk kutatók.</p>
<p>A tág összefüggések ellenére a műtárgyak, iratok és könyvek elsősorban mégis a soproni evangélikusok történetéről tanúskodnak. Ez a történet ma is tart. Üldöztetések, tiltások és más nehézségek ellenére alapítása óta folyamatos az egyházközség élete. Ma is ugyanazon reformátori iratok szerint értjük és hirdetjük Isten igéjét, mint amik körül csaknem ötszáz éve izgatottan gyűltek össze a soproni polgárok. A fiatalok ma is abból a páratlan szépségű kehelyből vesznek először úrvacsorát konfirmációjukon, amely több mint háromszáz éve gyülekezetünk egyik legértékesebb műtárgya. Ma is rendszeresen tartunk alkalmakat német nyelven is, ami hetven évvel ezelőttig a gyülekezet többségi nyelve volt. Egy sokrétű, pezsgő életű közösség hívja Önt múltjának és jelenének megismerésére.</p>
<p>Reméljük, személyesen is találkozhatunk.</p>
<p><em>Tóth Károly lelkész</em></p>
<p>&nbsp;</p>
<p>A Soproni Evangélikus Egyházközség honlapja:</p>
<p><a href="http://sopron.lutheran.hu/">http://sopron.lutheran.hu/</a></p>

<p>Szeretettel köszöntjük a Soproni Evangélikus Gyűjtemények honlapján. A reformáció Magyarországon az elsők között Sopronban jelent meg. Az így megszületett gyülekezet intézményeivel együtt a magyarországi evangélikusság egyik központjává vált. Ennek a közösségnek a csaknem félévezredes, gazdag múltjába és jelenébe nyújt bepillantást múzeumunk, levéltárunk és könyvtárunk. A sokrétű anyag viszont nem csak a gyülekezet történetéről szól. A [&hellip;]</p>
