{"id":97,"date":"2015-12-25T23:18:08","date_gmt":"2015-12-25T22:18:08","guid":{"rendered":"http:\/\/sopronigyujtemenyek.lutheran.hu\/?page_id=97"},"modified":"2023-08-15T12:15:55","modified_gmt":"2023-08-15T11:15:55","slug":"tarsintezmenyek","status":"publish","type":"page","link":"https:\/\/sopronigyujtemenyek.lutheran.hu\/?page_id=97","title":{"rendered":"T\u00e1rsint\u00e9zm\u00e9nyek"},"content":{"rendered":"<p><a href=\"http:\/\/eol.lutheran.hu\/\" target=\"_blank\" rel=\"noopener\">Evang\u00e9likus Orsz\u00e1gos Lev\u00e9lt\u00e1r<\/a><\/p>\n<p><a href=\"http:\/\/www.evangelikusmuzeum.hu\/\" target=\"_blank\" rel=\"noopener\">Evang\u00e9likus Orsz\u00e1gos M\u00fazeum<\/a><\/p>\n<p><a href=\"http:\/\/konyvtar.lutheran.hu\/\" target=\"_blank\" rel=\"noopener\">Evang\u00e9likus Orsz\u00e1gos K\u00f6nyvt\u00e1r<\/a><\/p>\n<p><a href=\"http:\/\/gyor.lutheran.hu\/leveltar\/leveltar.html\" target=\"_blank\" rel=\"noopener\">R\u00e1th M\u00e1ty\u00e1s Evang\u00e9likus Gy\u0171jtem\u00e9ny Gy\u0151r<\/a><\/p>\n<p><a href=\"http:\/\/gyt.lutheran.hu\/\" target=\"_blank\" rel=\"noopener\">Magyarorsz\u00e1gi Evang\u00e9likus Egyh\u00e1z Gy\u0171jtem\u00e9nyi Tan\u00e1cs<\/a><\/p>\n<p><a href=\"http:\/\/www.melte.hu\/\" target=\"_blank\" rel=\"noopener\">Magyarorsz\u00e1gi Egyh\u00e1zi Lev\u00e9lt\u00e1rosok Egyes\u00fclete (MELTE)<\/a><\/p>\n<p>&nbsp;<\/p>\n","protected":false},"excerpt":{"rendered":"<p>Evang\u00e9likus Orsz\u00e1gos Lev\u00e9lt\u00e1r Evang\u00e9likus Orsz\u00e1gos M\u00fazeum Evang\u00e9likus Orsz\u00e1gos K\u00f6nyvt\u00e1r R\u00e1th M\u00e1ty\u00e1s Evang\u00e9likus Gy\u0171jtem\u00e9ny Gy\u0151r Magyarorsz\u00e1gi Evang\u00e9likus Egyh\u00e1z Gy\u0171jtem\u00e9nyi Tan\u00e1cs Magyarorsz\u00e1gi Egyh\u00e1zi Lev\u00e9lt\u00e1rosok Egyes\u00fclete (MELTE) &nbsp;<\/p>\n","protected":false},"author":1,"featured_media":0,"parent":52,"menu_order":0,"comment_status":"closed","ping_status":"closed","template":"","meta":{"footnotes":""},"class_list":["post-97","page","type-page","status-publish","hentry"],"_links":{"self":[{"href":"https:\/\/sopronigyujtemenyek.lutheran.hu\/index.php?rest_route=\/wp\/v2\/pages\/97","targetHints":{"allow":["GET"]}}],"collection":[{"href":"https:\/\/sopronigyujtemenyek.lutheran.hu\/index.php?rest_route=\/wp\/v2\/pages"}],"about":[{"href":"https:\/\/sopronigyujtemenyek.lutheran.hu\/index.php?rest_route=\/wp\/v2\/types\/page"}],"author":[{"embeddable":true,"href":"https:\/\/sopronigyujtemenyek.lutheran.hu\/index.php?rest_route=\/wp\/v2\/users\/1"}],"replies":[{"embeddable":true,"href":"https:\/\/sopronigyujtemenyek.lutheran.hu\/index.php?rest_route=%2Fwp%2Fv2%2Fcomments&post=97"}],"version-history":[{"count":8,"href":"https:\/\/sopronigyujtemenyek.lutheran.hu\/index.php?rest_route=\/wp\/v2\/pages\/97\/revisions"}],"predecessor-version":[{"id":1590,"href":"https:\/\/sopronigyujtemenyek.lutheran.hu\/index.php?rest_route=\/wp\/v2\/pages\/97\/revisions\/1590"}],"up":[{"embeddable":true,"href":"https:\/\/sopronigyujtemenyek.lutheran.hu\/index.php?rest_route=\/wp\/v2\/pages\/52"}],"wp:attachment":[{"href":"https:\/\/sopronigyujtemenyek.lutheran.hu\/index.php?rest_route=%2Fwp%2Fv2%2Fmedia&parent=97"}],"curies":[{"name":"wp","href":"https:\/\/api.w.org\/{rel}","templated":true}]}}

Társintézmények

<p><a href="http://eol.lutheran.hu/" target="_blank" rel="noopener">Evangélikus Országos Levéltár</a></p>
<p><a href="http://www.evangelikusmuzeum.hu/" target="_blank" rel="noopener">Evangélikus Országos Múzeum</a></p>
<p><a href="http://konyvtar.lutheran.hu/" target="_blank" rel="noopener">Evangélikus Országos Könyvtár</a></p>
<p><a href="http://gyor.lutheran.hu/leveltar/leveltar.html" target="_blank" rel="noopener">Ráth Mátyás Evangélikus Gyűjtemény Győr</a></p>
<p><a href="http://gyt.lutheran.hu/" target="_blank" rel="noopener">Magyarországi Evangélikus Egyház Gyűjteményi Tanács</a></p>
<p><a href="http://www.melte.hu/" target="_blank" rel="noopener">Magyarországi Egyházi Levéltárosok Egyesülete (MELTE)</a></p>
<p>&nbsp;</p>

<p>Evangélikus Országos Levéltár Evangélikus Országos Múzeum Evangélikus Országos Könyvtár Ráth Mátyás Evangélikus Gyűjtemény Győr Magyarországi Evangélikus Egyház Gyűjteményi Tanács Magyarországi Egyházi Levéltárosok Egyesülete (MELTE) &nbsp;</p>
